isor of v and 13?
13
Let r be (-3)/(9/(-2) - -3). Let t(z) = -3 + 3 - 11*z**3 - 2*z - r*z**2 + 1. Let k be t(-2). What is the highest common factor of k and 17?
17
Suppose 5*q - 80 = 5*v, -2*q + 4*v = -39 + 1. Suppose -12*r + q*r - 60 = 0. What is the greatest common divisor of r and 20?
20
Suppose 0 = 2*s + 9 - 13. Suppose -z = -5*f + s*z + 406, 5*z = -2*f + 150. Calculate the highest common divisor of f and 20.
20
Let u be 6/5*(-1 + -4). Let d(w) = 95*w - 183*w + 91*w - 3 + w**2. Let c be d(u). What is the highest common divisor of c and 60?
15
Suppose -3*j = -31 - 74. Let d be 4/(-36)*-3*1155. What is the greatest common divisor of d and j?
35
Suppose -1305 = 29*z - 30276. What is the greatest common divisor of 37 and z?
37
Suppose 27*x = 1172 + 907. Let r be (-6)/4 + 175/14. What is the highest common factor of r and x?
11
Let x be 2/1 + (-4 - -8) + -14. Suppose l - a + 8 = -6*a, 3*l + 2*a - 2 = 0. Let t = l - x. What is the highest common factor of 50 and t?
10
Let d be (-195)/(-13)*114/10. What is the greatest common divisor of 57 and d?
57
Let w = -474 + 495. What is the greatest common divisor of 6 and w?
3
Let d(r) = -r**3 - 5*r**2 + 7. Let z be d(-5). Let f = 30 - -50. Let t = 136 - f. What is the highest common factor of z and t?
7
Suppose 111*r = 118*r - 196. What is the greatest common factor of 175 and r?
7
Let v(d) = -4*d + 7*d + 2*d + 1. Let p be -3*(-1 + -3 - 1*-3). Let h be v(p). Calculate the greatest common divisor of h and 8.
8
Let m be (220/8)/((-1)/(-10)). Suppose -4*q = -109 - m. Suppose 3*o = -p, -q + 11 = -4*p + 5*o. What is the highest common factor of 75 and p?
15
Let a = 84 - 4. Suppose -2*x = -2*i - 26, 0 = 3*x - 5*i - 42 + 9. Calculate the greatest common divisor of a and x.
16
Let g(r) = -6*r - 1. Let w be ((-4)/(-10))/(4/40). Let j be (-3)/12 - 11/w. Let c be g(j). What is the greatest common divisor of 17 and c?
17
Let y(x) = 2*x + 70. Let j be y(-21). Calculate the highest common factor of 42 and j.
14
Suppose 0 = 59*l - 62*l + 48. Suppose -5*s + 16 = -4. What is the greatest common divisor of s and l?
4
Let j be 585/25 - (-15)/25. Let h = 307 - 91. Calculate the greatest common factor of h and j.
24
Suppose 11 = d - 2*z, d - 4*z = -z + 15. Let r be 24/14*(5 + 2 + 0). What is the greatest common factor of d and r?
3
Suppose 32*s = 29*s. Suppose s = 5*a - 4*l - 356, 4*a - 157 = 5*l + 135. What is the highest common factor of a and 34?
34
Let w be 3*(-1702)/(-14) + 52/182. Calculate the highest common divisor of 5 and w.
5
Let w = 191 + -8. Let m = w - 96. Calculate the greatest common divisor of 29 and m.
29
Let m(b) = b**2 - 3*b - 23. Let a be m(7). Suppose -a*h + 44 = k, h - 1 - 3 = 0. What is the highest common factor of 48 and k?
24
Suppose 70*u - 5*k = 68*u + 276, -2*u - 5*k = -296. Suppose 0*c + c + 4*a = 47, a - 178 = -5*c. Let q = c - 22. What is the highest common divisor of q and u?
13
Suppose -b + 5*x + 34 = 0, 2 = -5*x - 18. What is the greatest common factor of b and 322?
14
Suppose 12*j - 513 - 1047 = 0. Calculate the greatest common divisor of 280 and j.
10
Let f = 39 + -32. Suppose -12*q + 90 = -f*q. Calculate the highest common factor of q and 12.
6
Suppose 3*l - 10 = -1, -2*l - 1125 = -3*p. Calculate the highest common factor of 117 and p.
13
Suppose 2*j = 89 + 471. What is the greatest common divisor of 40 and j?
40
Let b = -538 + 304. Suppose 0 = 2*k - 5*a - 643, 0 = 6*a - 4*a - 10. Let r = k + b. What is the highest common divisor of r and 20?
20
Suppose -2*w + 281 = -5*o, -4*w + 634 = -2*o + 112. What is the greatest common divisor of w and 608?
32
Let j = -7 + 9. Suppose -6*u + 48 = -j*u. Let o be (5 - (-448)/18) + 2/18. Calculate the greatest common divisor of o and u.
6
Let u(t) = -t**2 - t + 7. Let f be ((-3)/(-2) - 1)*6. Let x be u(f). Let s(p) = 2*p**2 - p - 10. Let k be s(x). Calculate the greatest common factor of 5 and k.
5
Let m = -18 + 38. Let d(h) be the second derivative of h**4/12 - 5*h**3/6 + 8*h**2 + 34*h. Let r be d(8). What is the greatest common factor of m and r?
20
Let l = -293 - -403. Calculate the highest common factor of l and 11.
11
Let r = 58 - -52. Suppose -l + 4*f + 0 - 5 = 0, -2*l = 5*f - 29. Suppose -80 = -z - l*z. What is the greatest common divisor of r and z?
10
Let z(j) = -j. Let o be z(-4). Suppose 3*p + o*m - 139 = 0, 2*m = 3*p - 135 + 2. Calculate the highest common factor of p and 5.
5
Let u(a) = -a**3 + 94 + 14*a - 107 + 3*a**3 - a**3 - 12*a**2. Let k be u(11). What is the greatest common factor of k and 50?
10
Let a = 1029 + -733. What is the highest common divisor of a and 8?
8
Suppose 77*h = 83*h - 192. What is the highest common factor of h and 128?
32
Let h(y) = y**3 + 6*y**2 + y - 4. Let s be h(-3). Let x = s + -16. Calculate the highest common factor of 16 and x.
4
Suppose -4*f = -2*r - r + 76, -2*r + 2*f + 54 = 0. Let z be (-8)/r + 2283/12. What is the highest common divisor of 10 and z?
10
Let z be 8/9 - 89012/(-1071). Calculate the greatest common divisor of z and 70.
14
Let m be (4/(-2))/((-2)/8)*198/176. Let v be -2 + ((-2)/2 - -264). Calculate the highest common factor of m and v.
9
Let b be -3 + 2 - 3*-1. Suppose -5*z = -7*z + 66. Let f = z + -31. What is the greatest common factor of b and f?
2
Let d(r) = 49*r - 209. Let c be d(5). Let w(u) = 287*u**3 + u**2 + u - 1. Let a be w(1). Calculate the greatest common divisor of a and c.
36
Let l(s) be the first derivative of 9*s**2 - 9*s + 38. Suppose -n + 21 = 2*n. Let v be l(n). Calculate the greatest common divisor of 13 and v.
13
Let b be 13 - 0 - (3 - 0). Suppose 0 = -2*n - 0*n - 2*k + 162, 2*n + 4*k = 164. Calculate the highest common factor of b and n.
10
Suppose -v + 84 = 3*v + 5*x, 2*v - 64 = 3*x. Suppose v*m = 29*m - 72. What is the highest common factor of 6 and m?
6
Let c = 9 - -3. Let x(k) = -3 - 1 - c*k + 18*k. Let s be x(2). Calculate the highest common factor of 88 and s.
8
Suppose 14*v - 150 - 88 = 0. Suppose -2*n + 195 = 25. Calculate the greatest common divisor of n and v.
17
Let n be -3*-6*2/4. Let w be 1/(-3*(-2)/30). Suppose 0 = g - w*r - 21, -2*g + 2*r + 15 = r. Calculate the highest common divisor of n and g.
3
Suppose -6*p + 2*p - 16 = 0, 5*i - 154 = p. What is the greatest common factor of 45 and i?
15
Let r(g) = g**2 + 49*g - 410. Let q be r(16). Calculate the highest common factor of q and 140.
70
Suppose 2*d - 94 = 130. Calculate the highest common divisor of 28 and d.
28
Let q = 801 - 593. Calculate the greatest common factor of q and 32.
16
Let b = -27 + 39. Let q = -23 - -42. Suppose 0 = 5*w + 4 - q. What is the highest common divisor of w and b?
3
Let t = 441 + 18. What is the greatest common factor of t and 34?
17
Let f = 210 + -123. Suppose 195*d - 206*d = -638. What is the highest common factor of f and d?
29
Let p = 1 + 1. Suppose 2*y + 4*q = -32, 4*y - 2*q + 90 = 3*q. Let u(c) = c + 28. Let i be u(y). What is the highest common factor of i and p?
2
Let b = -72 + 38. Let w be (-1)/(-6) - b/12. Suppose m - 4*s = w*m - 10, -4*m = -5*s - 59. What is the highest common factor of m and 77?
11
Suppose -z + 3 = -34. Let i = z - 34. What is the greatest common factor of 21 and i?
3
Let o = 646 - 634. Let w(b) = -b**2 - 12*b + 1. Let d be w(-11). Calculate the greatest common divisor of d and o.
12
Suppose -5*c + 29 = -71. Let i be 3 - 1 - c/(-10). What is the greatest common factor of 32 and i?
4
Suppose y - 6 = -4. Suppose 1 = y*i - 11. Calculate the greatest common factor of i and 66.
6
Suppose 10*q - 6*q = c + 81, -q - c + 19 = 0. Calculate the greatest common factor of q and 45.
5
Let k = 8 + 1. Suppose 109 = 13*q + 70. Calculate the highest common factor of k and q.
3
Suppose -79 = q - 4*d, q - 3*q - 3*d - 191 = 0. Let t = -82 - q. Suppose -288 = -7*f + 3*f. Calculate the highest common factor of t and f.
9
Let z = -355 + 364. What is the highest common factor of 72 and z?
9
Let s(b) = 6*b + 1. Let n be s(1). Suppose -13 = 2*v - 13. Let a(x) = -3*x + 7. Let k be a(v). Calculate the greatest common factor of k and n.
7
Suppose 0 = -3*k + 7 + 2. Let x(i) = -70*i. Let c be x(1). Let p be (c/21)/((-4)/18). Calculate the greatest common divisor of k and p.
3
Let c = 563 - 954. Let o = -226 - c. Calculate the greatest common factor of 15 and o.
15
Let j(p) be